its digit of (-70)/(-1) + (2 - 0) - -3?
5
Suppose -5*d - 3 = 2, 5*d + 5 = 2*t. Suppose -5*v - 13 = -2*s, 5*v + t = -5. Suppose s*r = 2*r + 18. What is the units digit of r?
9
Let u = 40 + 103. What is the hundreds digit of u?
1
Let j(h) be the second derivative of -h**3/3 - 9*h**2/2 - 7*h. What is the units digit of j(-9)?
9
Let u = 2 + 47. What is the tens digit of u?
4
Let a(r) = -r**3 + 6*r**2 - 5*r + 5. Suppose -1 = -3*c + 5, h - 3 = c. Let i be a(h). Suppose 0 = -d - 4*d - i*y, 3*y = -2*d - 2. What is the units digit of d?
2
Suppose -3*v + 104 = 4*x, 26 = 2*x + 4*v - 36. What is the units digit of x?
3
Let k = -35 + 9. Let x = -16 - k. What is the tens digit of x?
1
Let y be ((-4)/8)/((-1)/2). Let u = 1 + y. Suppose 0 = u*w - 5*w + 21. What is the units digit of w?
7
Suppose -26 = -k - 3. Let p = -15 + k. What is the units digit of p?
8
Suppose -2*v = z - 5 + 1, 0 = 5*z - 2*v - 8. Suppose -z*b + 3*b = 32. What is the tens digit of b?
3
Let w be (-120 + -4)*6/(-8). Suppose 4*z - 50 = 4*j + 138, -2*z = -j - w. Suppose 5*b - 9 - z = 0. What is the units digit of b?
1
What is the tens digit of 4/8*(9/(-3) + 195)?
9
Let t = 617 + -301. What is the units digit of t?
6
Let r(i) = -25*i - 3. Let j be r(-4). Suppose 3*x - j = -o, -x + o + 27 = -0*o. Let c = x - 18. What is the tens digit of c?
1
Let n(c) = c**3 + 9*c**2 + 6*c - 10. Let j be n(-8). What is the units digit of (2/j)/((-1)/(-9))?
3
Let v(r) be the third derivative of r**4/8 - 2*r**3/3 - r**2. What is the tens digit of v(9)?
2
Let u(g) = -g**3 + 5*g**2 + 2*g + 1. What is the units digit of u(5)?
1
Let r(q) = 39*q**2 + 6*q - 9. What is the tens digit of r(2)?
5
Let i(p) = 3*p**3 - 3*p**2 + 6. Let l(k) = -13*k**3 + 11*k**2 - k - 24. Let m(x) = -9*i(x) - 2*l(x). What is the units digit of m(5)?
4
Let z(o) = -3*o**3 - 7*o**2 - 10*o + 9. What is the units digit of z(-5)?
9
Let v = -4 + 0. What is the units digit of (2 + v - -5) + 4?
7
Let v(k) = k - 5. Let s be v(-4). Let y be 86/10 - s/(-15). What is the units digit of (30/y)/((-3)/(-8))?
0
Suppose -5*q - 8 = -2*v, q = -4*q. Let j be (-3)/(-5) - v/(-10). What is the units digit of 8 + j/1 + -2?
7
Let i = 28 + 37. What is the units digit of i?
5
Suppose 4*g + o = 2*g + 143, 54 = g - 3*o. What is the tens digit of g?
6
Let j(z) = -z + 1. Let w be j(5). Let v = -5 + 10. Let t = w + v. What is the units digit of t?
1
Suppose x - 2*x = -16. Suppose -i + 2*n = -x, i + n = -2*i + 55. What is the units digit of ((-2)/4)/((-1)/i)?
9
Suppose -l + x + 46 = 5*x, 3*l - 5*x - 138 = 0. What is the units digit of l?
6
Let c be (5 - 1)/(-4)*-9. Let p = 4 + c. What is the units digit of p?
3
Suppose b - 4*b + 18 = 0. Let a(l) = -l**2 + 7*l - 9. Let t be a(b). What is the units digit of -2*(-2 - (2 + t))?
2
Let j(l) = -l + 7. What is the units digit of j(6)?
1
Suppose i - 3 = 16. Let m = 40 - i. What is the tens digit of m?
2
What is the tens digit of -1*(-86)/(-4)*-2?
4
Let h be (-3 + 4)*(-1 + -1). Let b be ((-100)/8)/(1/h). Let q = -17 + b. What is the units digit of q?
8
Let w(r) = -r + 1. Let j(u) = 3*u - 1. Let z be j(-1). What is the units digit of w(z)?
5
Let g(j) = -2*j**2 - 4*j - 2. Let o be g(-3). Let f(p) = p**3 + 9*p**2 + 4*p - 7. What is the units digit of f(o)?
5
Suppose 4*n = -4, -5 = 2*a - 5*n - 16. Let l = -3 + a. Suppose l = 2*r - 2. What is the units digit of r?
1
Let t be 86/(-4) - 3/(-2). What is the tens digit of (6 - 3) + (-4 - t)?
1
Let l = 7 - 3. Suppose -l*k - 48 = -2*f, k - 4 = -3*k. What is the tens digit of f?
2
Suppose y = -3*d - 3*y + 58, 2*d = 4*y + 72. What is the tens digit of d?
2
Suppose 3*z = -2*z - 30. Let a(i) = -i - 6. Let w be a(z). Suppose -5*o = 4*p - 20, -o + 5*p - 2*p + 23 = w. What is the units digit of o?
8
Let r(d) = -2*d - 6. Let k be 2*(-1 - (0 - -1)). Let g be r(k). What is the units digit of (-5 - (g - 1))/(-2)?
3
Let s = 6 - 10. Let x be 22/s + (-6)/(-4). What is the units digit of 174/15 + x/(-10)?
2
Suppose y - 40 = -0*y. Suppose 0 = -5*b + 3*k + y, 2*b - 3*k = 2*k + 35. What is the units digit of b?
5
Let h(q) = 3*q + 2. Let c be h(5). Suppose 5*m - 43 = c. What is the units digit of m?
2
Suppose 0 = -3*f + 106 + 86. Suppose -4*r + 0*n + f = 3*n, 3*r = 3*n + 27. What is the tens digit of r?
1
Let i = 6 + -5. Let c = i + 2. What is the units digit of c?
3
Let z(r) = -r**3 - 3*r**2 + 5*r + 6. Let p be z(-4). Suppose -2 + 4 = p*k. What is the units digit of k?
1
Let f be ((-2)/4)/((-8)/144). Let b(j) = -j**3 + 10*j**2 - 6*j - 6. What is the units digit of b(f)?
1
Let h(t) = -t. Let u be h(-4). Suppose -4*r - 27 = 3*f, f + r + u = -4. Let l = f - -16. What is the units digit of l?
1
Let h(m) = 4*m - 118*m**3 + 119*m**3 - 8*m**2 - 6 - 10*m. What is the units digit of h(9)?
1
Suppose -w - 2*w = -2*s - 6, -3*s = 0. Suppose 0*j + w = j. Suppose -4 = x + 3*a, -x - j + 18 = -2*a. What is the units digit of x?
8
Suppose -9 = -3*d, v - 5*d + 132 = 4*v. Let p = -9 + v. What is the tens digit of p?
3
Suppose i + i - 4 = 0. Suppose 3*w - 46 = -5*f + 79, i*f = 5*w + 19. What is the units digit of f?
2
Suppose 7*p = 6*p + 3. What is the units digit of p?
3
Let v = 36 - 14. What is the tens digit of v?
2
What is the tens digit of (69/(-4))/(3/(-8))?
4
What is the units digit of 30 + 3 + 12/(-3)?
9
Suppose 5*q - 3 = -43. What is the units digit of (q/1 - 1)*-3?
7
Let z = 5 - 7. Let a be -1 + -2 - -3 - z. Suppose 2*y = -3*p + 6*y + 43, -a*p + 30 = -2*y. What is the tens digit of p?
1
Let i(k) = -k**2 - 7*k - 4. Suppose 3*f - 1 = 11. Suppose 4*n + 2 = 5*y + 11, 21 = -y - f*n. What is the units digit of i(y)?
6
Let x(v) = v**3 - 4*v**2 + 4*v - 1. Let h be x(3). Suppose 0 = -2*u - h*u. Suppose 5*n - 2*l - 24 = 0, 2*n + u - 4 = -2*l. What is the units digit of n?
4
Let f(v) = -4*v**3 + 2*v**2 + 2*v + 2. Let a(n) = 7*n**3 - 3*n**2 - 4*n - 3. Let k(j) = 3*a(j) + 5*f(j). Let g be k(1). What is the units digit of 2 + 1/g*-1?
1
Let q(y) = -8 - 7*y - 2 - 3 + 0*y**2 + y**2. Let j be q(9). Let n(v) = -v**3 + 6*v**2 - v - 4. What is the units digit of n(j)?
6
Let o be 16/(-9) - (-18)/(-81). Let v be (-10)/(-25)*20/o. Let f(g) = 2*g**2 + 4*g - 5. What is the units digit of f(v)?
1
Let d(g) = -g**3 - 8*g + 1. Let y(v) = -v**3 - v**2 - 7*v + 1. Let x(a) = 4*d(a) - 5*y(a). Let t be x(-4). What is the units digit of 3*t + 2 + -4?
7
Suppose 2*x + 3*x + r - 1589 = 0, 0 = -4*x + 4*r + 1276. What is the tens digit of x?
1
Let v(b) = 5*b**2 + 2*b - 1. Let p be 4 - 5 - (-1 - 1). What is the units digit of v(p)?
6
Suppose -r = -0*r + 2*k - 40, 3*k - 165 = -5*r. What is the tens digit of r?
3
Suppose 222 - 84 = q. What is the units digit of q?
8
Let h(f) = 5*f**3 + f**2 + f - 1. Let p be h(1). What is the units digit of 14*(3/p + 0)?
7
Suppose 2*o - 18 = 48. What is the units digit of o?
3
Suppose 2 + 8 = 2*q. Suppose 2*j - 3 - 5 = -3*t, -2 = -2*t - 3*j. Let v = q - t. What is the units digit of v?
1
Let q = 11 - 15. Let x(b) be the third derivative of -b**4/12 - b**3 + 3*b**2. What is the units digit of x(q)?
2
What is the units digit of (-28)/(-6)*(-18)/(-4)?
1
Suppose 5*s - 124 - 181 = 0. What is the units digit of s?
1
Let c be (16/(-24))/((-1)/3). Suppose 3*q = c*q + 12. What is the units digit of q?
2
Let b = 17 + -17. What is the tens digit of 24 + -1 + 3 + b?
2
Let z(r) = r**2 - 6*r + 5. Let l be z(6). Suppose 0 = 3*y - 2*x + 7, 2*y - l*x = -2*y. Let g = y - -9. What is the units digit of g?
4
Let o be 1*-2 + (-115)/(-5). Suppose 5*v = o - 1. What is the units digit of v?
4
Let b = -44 - -233. What is the units digit of b?
9
Let d = -40 + 91. Suppose -3*r + d - 21 = 0. Suppose 4*a - r - 2 = 0. What is the units digit of a?
3
Suppose -5*l + 15 = 4*s, -5*s - 5*l = -10*l + 15. Suppose s = 4*w - 11 - 17. What is the units digit of w?
7
Let c(t) = -2*t**3 - 4*t**2 - 4*t - 2. Let s be c(-2). What is the units digit of 26 + s + (0 - 3)?
9
Suppose 0 = 2*n + 3*q - 458, n + 234 = 2*n - q. What is the tens digit of n?
3
Suppose 6*i - i = -30. What is the units digit of (0 - -1)/(i/(-12))?
2
Suppose 5 = 3*q - 31. Suppose -4*m = -m - q. What is the units digit of (-18)/((6/m)/(-1))?
2
Let t(l) = 7*l - l + 0*l. What is the units digit of t(2)?
2
Suppose -2 = -c - 0*c. Let y = -3 + 6. Suppose 2 = y*s - c*s. What is the units digit of s?
2
Let l(d) = 